10) in base 12?
-4b18
Convert 67c03b (base 13) to base 7.
26600544
3718945 (base 10) to base 16
38bf21
What is -10002102120 (base 3) in base 8?
-166623
4590781 (base 10) to base 14
87704d
-143214300 (base 5) to base 12
-30640a
What is -96c3 (base 13) in base 2?
-101000111010010
-4452253 (base 7) to base 14
-104963
What is 301202102 (base 4) in base 15?
401b8
-1006a7 (base 13) to base 14
-99a32
Convert 10888667 (base 9) to base 6.
305522524
What is 11222002120202 (base 3) in base 2?
1010000100011000101101
Convert 2221201121102 (base 3) to base 16.
17f1e3
Convert -39a65 (base 13) to base 15.
-21b89
124423 (base 7) to base 3
1011211001
Convert -84a6c (base 13) to base 10.
-239056
Convert -13323121 (base 4) to base 6.
-410201
Convert 270221 (base 8) to base 11.
64986
Convert -116bdc2 (base 15) to base 7.
-211124414
Convert 3316021 (base 8) to base 11.
55a128
Convert 6678b (base 12) to base 7.
1104131
2570322 (base 10) to base 15
35b89c
Convert 6241616 (base 7) to base 11.
472342
29be3 (base 16) to base 9
280476
Convert -31303353 (base 6) to base 3.
-1201021002020
aa7b15 (base 12) to base 13
73b2a8
Convert -354012 (base 13) to base 16.
-134f4f
Convert -2428236 (base 10) to base 16.
-250d4c
-1202012012210 (base 3) to base 15
-13536c
510031 (base 6) to base 9
61121
What is 8f5ce8 (base 16) in base 13?
1c3c637
What is -4130402 (base 5) in base 2?
-10000100000010010
What is 85722 (base 12) in base 15?
37042
Convert 1532333 (base 12) to base 13.
b756a0
1013003101 (base 4) to base 3
112210012201
What is 1001011001100101000001 (base 2) in base 12?
9a9b69
Convert 15a2d (base 16) to base 9.
144507
What is 2059d8 (base 15) in base 9?
2803475
-2920f (base 16) to base 8
-511017
1000110100111010000010 (base 2) to base 13
630261
a92a5 (base 11) to base 12
77a4a
-1012210111212120 (base 3) to base 11
-9925102
What is 536109 (base 12) in base 6?
44120413
34462602 (base 7) to base 16
2e23e1
1202102000001 (base 3) to base 16
e3d01
What is 1101011010101101110000 (base 2) in base 13?
961c53
2cfcef (base 16) to base 9
5483317
Convert 3b504 (base 15) to base 14.
4d409
What is 101000011001110111100000 (base 2) in base 12?
3669568
What is 1201233 (base 4) in base 15?
1cc0
What is 20388 (base 15) in base 14?
29297
Convert -13013041 (base 7) to base 12.
-48aa11
What is -21323224 (base 5) in base 7?
-1361231
Convert -255878 (base 10) to base 5.
-31142003
Convert -12021002020212 (base 3) to base 4.
-22222301111
What is -65577 (base 12) in base 8?
-405353
1531337 (base 9) to base 8
3167017
64436305 (base 7) to base 9
11284717
473010 (base 8) to base 5
20130123
What is -283492 (base 16) in base 8?
-12032222
1011001001101010100010 (base 2) to base 8
13115242
Convert -3401135 (base 6) to base 3.
-22201001012
What is d754ad (base 14) in base 16?
6f0311
Convert f122d (base 16) to base 3.
1212011212020
Convert 8052 (base 12) to base 15.
41ab
263545 (base 8) to base 6
1545541
What is -2445242 (base 7) in base 3?
-120221200122
2a891 (base 16) to base 2
101010100010010001
3403151 (base 7) to base 3
210101220022
-26193 (base 11) to base 14
-d93d
-214361 (base 10) to base 8
-642531
What is 9778 (base 13) in base 12?
10227
Convert -87734 (base 9) to base 12.
-29811
What is 2624009 (base 12) in base 3?
112010201101100
What is -a22a2 (base 12) in base 3?
-101201202012
What is 273075 (base 11) in base 15?
87029
What is c1d2d (base 14) in base 5?
104410300
What is 352531 (base 8) in base 2?
11101010101011001
What is 16757323 (base 8) in base 5?
2001024132
Convert -111101000001010 (base 2) to base 6.
-400350
What is -46a71 (base 11) in base 16?
-108fe
What is 14646645 (base 8) in base 4?
30310312211
Convert 7400 (base 9) to base 16.
1533
What is 112100031 (base 4) in base 10?
91149
What is -266758 (base 12) in base 11?
-3a2a81
Convert 566826 (base 9) to base 15.
6a98c
11320012143 (base 5) to base 15
122b033
-542573 (base 12) to base 9
-2448256
-28a87 (base 16) to base 2
-101000101010000111
What is b28957 (base 12) in base 15?
3a2be1
110000110111001111010 (base 2) to base 3
10000100100201
What is 705866 (base 12) in base 3?
10021222212120
-13412566 (base 7) to base 14
-2466a6
Convert -11122210210002 (base 3) to base 16.
-25c8dd
4899e5 (base 15) to base 7
41352350
Convert -21333424 (base 5) to base 13.
-65762
54ba43a (base 12) to base 4
331230003232
What is 440266 (base 7) in base 16?
12cb2
-a82a6 (base 12) to base 2
-110110000110011110
Convert -143620 (base 8) to base 4.
-30132100
Convert 21010232 (base 4) to base 12.
19612
Convert -222201220010 (base 3) to base 14.
-d9b00
Convert 217ef (base 16) to base 12.
67493
101101011101101110 (base 2) to base 13
669ba
What is 13130432 (base 5) in base 11?
89839
What is 510797 (base 11) in base 15?
113334
131055140 (base 6) to base 4
21310112010
What is -49032 (base 12) in base 13?
-35b07
11001001001100000000100 (base 2) to base 16
649804
Convert 8ab2ab (base 12) to base 6.
115305535
244a58 (base 12) to base 6
20342552
What is -504329 (base 10) in base 2?
-1111011001000001001
-2d025 (base 15) to base 13
-510c2
Convert a63d7 (base 16) to base 2.
10100110001111010111
Convert -302200230130 (base 4) to base 8.
-62405434
-18d89d (base 16) to base 6
-54522301
What is -555442511 (base 6) in base 5?
-10034133242
What is -20513121 (base 7) in base 5?
-421001430
What is -e9381 (base 15) in base 12?
-2b8241
What is 66b1 (base 13) in base 11?
a857
-32e2e2 (base 16) to base 12
-1149aaa
What is 2c59d1 (base 14) in base 6?
53134335
Convert 625838 (base 9) to base 7.
3105542
Convert 35553050 (base 6) to base 14.
211bb8
-17610112 (base 8) to base 2
-1111110001000001001010
What is 3140146 (base 10) in base 11?
1855269
What is -560750 (base 11) in base 14?
-193b35
Convert -21155312 (base 7) to base 13.
-4ab2a1
What is -100100001101000110100 (base 2) in base 9?
-2207333
-274636 (base 10) to base 3
-111221201201
-72570771 (base 8) to base 10
-15397369
-8250b (base 13) to base 3
-102212121222
Convert 25145440 (base 6) to base 13.
223638
Convert b63c4 (base 16) to base 6.
23555420
Convert -5616350 (base 9) to base 11.
-178501a
Convert 2bb2162 (base 12) to base 8.
42066532
Convert -5063613 (base 9) to base 12.
-aa20a0
What is 515521 (base 8) in base 6?
3354521
Convert -121121001221111 (base 3) to base 12.
-2b539a1
ec997e (base 15) to base 11
63a92a9
10915a6 (base 13) to base 10
5087036
Convert 49c21 (base 13) to base 3.
20220122201
Convert -12022210010 (base 3) to base 7.
-614406
-5363242 (base 8) to base 7
-15125354
Convert 34132422 (base 6) to base 10.
1038686
47e818 (base 16) to base 10
4712472
2221310233 (base 4) to base 15
db184
-520234241 (base 6) to base 8
-42177661
121022001122020 (base 3) to base 13
1a43699
Convert -5320db (base 16) to base 14.
-a1b559
What is 77274 (base 14) in base 2?
1000110011101100110
What is -134501330 (base 7) in base 12?
-2b3b178
What is -2311144 (base 6) in base 7?
-1001440
-16431643 (base 7) to base 15
-21a641
Convert -2111002110 (base 4) to base 5.
-124013302
1111001010101101010 (base 2) to base 9
836674
Convert 23711533 (base 9) to base 4.
230023132101
-2973df (base 16) to base 3
-12010000112021
What is 2033268 (base 9) in base 15?
16671b
-53751 (base 11) to base 15
-1821b
Convert -5809 (base 15) to base 12.
-a990
What is 2758527 (base 9) in base 6?
52251124
What is 1a7022 (base 11) in base 12?
133402
What is -13203322111 (base 4) in base 16?
-1e3e95
Convert eb0313 (base 15) to base 4.
222223221102
What is 21122201212122 (base 3) in base 13?
ac6205
-111000001111110101010 (base 2) to base 15
-266194
What is -34924 (base 10) in base 6?
-425404
1820e8 (base 15) to base 4
10131332033
What is 312446 (base 8) in base 15?
20ae8
What is 85834 (base 10) in base 15?
1a674
Convert 4e210 (base 15) to base 3.
110201020020
4102146 (base 8) to base 7
12125614
Convert 76a99a (base 14) to base 12.
1421078
What is -2411042 (base 5) in base 7?
-243542
Convert 151552 (base 10) to base 13.
53c9b
129520 (base 12) to base 8
1126650
111111102110 (base 3) to base 9
444373
What is 36481 (base 12) in base 14?
1c9a1
Convert 62372 (base 9) to base 11.
289a3
Convert 12302372 (base 8) to base 2.
1010011000010011111010
What is -2106027 (base 9) in base 10?
-1126330
-103302300 (base 5) to base 15
-8c785
What is -1110001122002 (base 3) in base 9?
-1401562
Convert 1408959